actor of 515819850?
True
Is 6 a factor of 27384848?
False
Is 594968687 a multiple of 37?
False
Is 138455703 a multiple of 249?
True
Does 53 divide 74075671?
False
Is 2195 a factor of 219168529?
False
Is 57 a factor of 206723987?
False
Is 318355826 a multiple of 258?
False
Is 116 a factor of 615516765?
False
Is 1167968 a multiple of 452?
True
Is 34 a factor of 121273795?
False
Does 5 divide 15688290?
True
Does 6 divide 108034572?
True
Is 147 a factor of 1205962515?
False
Is 1749665980 a multiple of 82?
True
Is 14 a factor of 2973433489?
False
Is 105 a factor of 33392172?
False
Is 266445639 a multiple of 518?
False
Does 478 divide 141560656?
True
Is 206 a factor of 62418?
True
Does 25 divide 585691867?
False
Is 237609916 a multiple of 30?
False
Is 52 a factor of 10671596?
True
Is 230712440 a multiple of 1330?
True
Is 1608 a factor of 691481808?
True
Is 1406771 a multiple of 3?
False
Is 158979548 a multiple of 3466?
False
Is 610 a factor of 9689850?
True
Is 2048251 a multiple of 39?
False
Is 5948862 a multiple of 6?
True
Does 1631 divide 11165826?
True
Is 5536 a factor of 472388991?
False
Is 62 a factor of 837356?
False
Does 13 divide 519739350?
True
Is 6 a factor of 21304728?
True
Is 170162453 a multiple of 6?
False
Is 1512 a factor of 1688262912?
True
Does 17 divide 149126474?
False
Is 81 a factor of 11746053?
True
Does 649 divide 165922994?
False
Is 13 a factor of 202424833?
True
Is 58452732 a multiple of 663?
True
Is 53 a factor of 9022228?
False
Is 6856672 a multiple of 32?
True
Is 126 a factor of 59485947?
False
Is 1657874149 a multiple of 22?
False
Is 147453199 a multiple of 241?
True
Does 25 divide 398406483?
False
Is 96 a factor of 77191079?
False
Does 7 divide 23478280?
True
Does 30 divide 8346240?
True
Does 24 divide 5328292296?
True
Is 16200794 a multiple of 269?
True
Does 373 divide 235399351?
False
Is 10546732 a multiple of 28?
True
Does 437 divide 112697633?
False
Is 399554232 a multiple of 196?
True
Does 15 divide 55337010?
True
Does 124 divide 59030117?
False
Is 1463837519 a multiple of 40?
False
Is 25843263 a multiple of 23?
False
Is 601 a factor of 108267746?
True
Is 75 a factor of 3678525?
True
Is 266 a factor of 362505160?
False
Is 2 a factor of 46881161?
False
Is 789946929 a multiple of 653?
False
Is 264447800 a multiple of 102?
False
Does 498 divide 321158208?
True
Is 1481292 a multiple of 222?
False
Does 129 divide 760190747?
False
Is 1707 a factor of 81801147?
True
Is 11 a factor of 184378719?
False
Does 7 divide 51899694?
True
Does 9926 divide 1453146548?
True
Does 3070 divide 67814749?
False
Is 128486276 a multiple of 772?
True
Is 324632840 a multiple of 4984?
True
Is 177112683 a multiple of 5471?
True
Is 11830236 a multiple of 89?
True
Is 1487244121 a multiple of 35?
False
Is 1398 a factor of 210159293?
False
Does 96 divide 17931143?
False
Is 56 a factor of 1459256288?
True
Is 1571421801 a multiple of 454?
False
Is 275 a factor of 13200830?
False
Is 482906080 a multiple of 2720?
True
Is 7 a factor of 1730481823?
True
Is 84 a factor of 661511256?
True
Is 215048136 a multiple of 12?
True
Does 128 divide 157395305?
False
Is 31 a factor of 14289853?
True
Is 992905269 a multiple of 3049?
False
Does 29 divide 329250?
False
Is 511366536 a multiple of 9?
True
Is 238251166 a multiple of 64?
False
Is 839 a factor of 535045402?
True
Is 179 a factor of 62854776?
True
Is 43654388 a multiple of 10?
False
Is 14256165 a multiple of 1155?
True
Is 14517106 a multiple of 110?
False
Is 195724 a multiple of 4?
True
Is 85 a factor of 237152550?
True
Is 2761396 a multiple of 3?
False
Does 3 divide 134950159?
False
Is 267 a factor of 929073509?
False
Is 42 a factor of 1626597705?
False
Is 1140 a factor of 20318567?
False
Is 41575530 a multiple of 2490?
True
Does 25 divide 452514517?
False
Does 531 divide 115675164?
True
Does 357 divide 1222681880?
False
Does 773 divide 90359062?
True
Is 46 a factor of 1401557907?
False
Does 4 divide 5013648?
True
Is 710 a factor of 317770629?
False
Is 5 a factor of 462992760?
True
Is 64 a factor of 4821184?
True
Is 14 a factor of 7041180?
False
Is 24873831 a multiple of 27?
True
Is 21 a factor of 3366362?
False
Does 28 divide 91880999?
False
Is 14 a factor of 755665288?
True
Is 7 a factor of 44412872?
True
Is 111644148 a multiple of 115?
False
Is 2340 a factor of 244450917?
False
Does 156 divide 226148715?
False
Is 266938447 a multiple of 257?
True
Is 9279143 a multiple of 19?
False
Is 209822220 a multiple of 3337?
False
Is 73069764 a multiple of 2162?
False
Does 11 divide 77741366?
False
Is 1136 a factor of 112001989?
False
Does 40 divide 9528957?
False
Does 1946 divide 181563111?
False
Does 2 divide 3160386?
True
Does 698 divide 70326166?
False
Is 2226 a factor of 144174652?
False
Is 53353098 a multiple of 1142?
True
Is 189327385 a multiple of 527?
True
Does 196 divide 203937608?
True
Does 55 divide 188552840?
False
Does 163 divide 670230898?
True
Does 24 divide 577955880?
True
Is 38 a factor of 646521506?
False
Is 8 a factor of 22770216?
True
Is 5368 a factor of 2303718187?
False
Does 3111 divide 6043839252?
True
Does 44 divide 1388497925?
False
Is 262 a factor of 21968962?
True
Is 780 a factor of 1028444040?
True
Is 7 a factor of 53878223?
True
Is 916 a factor of 44583717?
False
Is 369628524 a multiple of 183?
True
Is 8048430 a multiple of 45?
True
Does 79 divide 6465394?
False
Is 14 a factor of 6373920?
True
Does 12 divide 406531538?
False
Is 626 a factor of 15263533?
False
Is 470 a factor of 465769060?
True
Is 2582535342 a multiple of 21?
False
Does 1715 divide 24997219?
False
Is 126 a factor of 16650213?
False
Does 259 divide 49664603?
False
Is 107324763 a multiple of 21?
True
Is 82353374 a multiple of 956?
False
Does 100 divide 326596200?
True
Is 64126318 a multiple of 1669?
True
Does 1865 divide 198969762?
False
Does 7 divide 31780238?
True
Is 2 a factor of 2456936?
True
Does 34 divide 458103760?
True
Is 18174298 a multiple of 46?
False
Is 77178025 a multiple of 147?
False
Does 135 divide 188957388?
False
Does 11 divide 1859344073?
False
Does 2288 divide 112286909?
False
Is 3 a factor of 846548209?
False
Does 10686 divide 2050479563?
False
Is 21343275 a multiple of 2175?
True
Is 135 a factor of 4277414?
False
Does 280 divide 53668571?
False
Does 22 divide 3569880?
False
Is 1149408360 a multiple of 9855?
True
Is 7907792 a multiple of 10?
False
Is 1178541496 a multiple of 6248?
True
Is 828 a factor of 29803807?
False
Does 17 divide 882084440?
True
Is 7 a factor of 19278521?
False
Is 16 a factor of 5379404?
False
Does 380 divide 335220863?
False
Does 584 divide 90237344?
True
Does 23 divide 36123892?
True
Does 63 divide 618641?
False
Does 1591 divide 72700750?
False
Is 656 a factor of 85990448?
True
Is 14684167 a multiple of 26?
False
Is 18720880 a multiple of 40?
True
Does 52 divide 24862153?
False
Is 45893914 a multiple of 22?
True
Is 1259 a factor of 57717596?
True
Is 165 a factor of 6468990?
True
Is 350917670 a multiple of 3984?
False
Is 144612804 a multiple of 353?
True
Does 10 divide 2337317?
False
Is 164745000 a multiple of 5000?
True
Does 85 divide 65475925?
True
Does 471 divide 527866734?
False
Does 18 divide 106332384?
False
Is 2123324225 a multiple of 11?
True
Is 159 a factor of 44277684?
True
Does 25 divide 49784350?
True
Does 111 divide 955093?
False
Does 65 divide 167232469?
False
Is 471 a factor of 199305029?
False
Does 102 divide 6964396?
False
Does 407 divide 197198826?
True
Does 8 divide 654460436?
False
Does 29 divide 548274?
True
Is 64 a factor of 195554304?
True
Is 246 a factor of 251936454?
False
Is 21 a factor of 26021651?
False
Is 909448 a multiple of 9?
False
Is 382 a factor of 1103374812?
False
Is 11 a factor of 869066275?
True
Is 5 a factor of 36959537?
False
Is 532194649 a multiple of 2606?
False
Is 1355881518 a multiple of 10?
False
Is 173708420 a multiple of 10?
True
Does 28 divide 1697695054?
False
Is 64564600 a multiple of 265?
True
Does 246 divide 60072213?
False
Is 20326640 a multiple of 80?
True
Is 139 a factor of 49579866?
False
Is 162 a factor of 729810?
True
Does 50 divide 55627150?
True
Does 1674 divide 90637056?
True
Is 182 a factor of 59472504?
True
Does 142 divide 66618874?
True
Is 824837710 a multiple of 41?
False
Is 36 a factor of 182223504?
True
Is 396 a